ase 6, what is 3451003134 + -3?
3451003131
In base 7, what is -501421635 - 4?
-501421642
In base 16, what is -3 + 5997279?
5997276
In base 9, what is -20375 + 2123?
-17252
In base 5, what is 1 + 1041212401?
1041212402
In base 16, what is 4 + -82e3ca8?
-82e3ca4
In base 16, what is e8fcbf + -22?
e8fc9d
In base 12, what is -a97a3 + 8?
-a9797
In base 4, what is 20 + -1120110032?
-1120110012
In base 13, what is -3 + -1bb4b7a?
-1bb4b80
In base 11, what is 125 - -1597331?
1597456
In base 2, what is -111001110001001110111 - -101?
-111001110001001110010
In base 4, what is 22323103111 + 3?
22323103120
In base 11, what is -62 + -1428a89?
-1429040
In base 2, what is 0 + -111101010101011101111?
-111101010101011101111
In base 13, what is -56 - 1c191?
-1c217
In base 9, what is -13068 + 2847?
-10121
In base 9, what is -1 + -11647660?
-11647661
In base 6, what is 5 - 3345252545?
-3345252540
In base 4, what is 2102211020 - -2010?
2102213030
In base 5, what is 41413 + 134304?
231222
In base 11, what is -122865 - 78?
-122932
In base 11, what is -30733717 + 2?
-30733715
In base 6, what is -1000511 + -15151?
-1020102
In base 5, what is -133213224311 + 1?
-133213224310
In base 6, what is -20112 - -530500?
510344
In base 13, what is 7667 - -152?
77b9
In base 16, what is -11d - 118b4?
-119d1
In base 16, what is -a08d5 - 5?
-a08da
In base 11, what is 51 - 524228?
-524187
In base 12, what is -585a38 + 11?
-585a27
In base 7, what is -131 + -42642?
-43103
In base 12, what is 70076b - -4?
700773
In base 4, what is -1232120 - 10312?
-1303032
In base 8, what is 1 - -761516700?
761516701
In base 10, what is -79 + 6741435?
6741356
In base 2, what is 110100101110110 - 11101011?
110100010001011
In base 9, what is -562281567 - -5?
-562281562
In base 8, what is -30161522 - 3?
-30161525
In base 5, what is -12321011120034 + 2?
-12321011120032
In base 7, what is -204350 + -5333?
-213013
In base 15, what is 4 - 84a47e?
-84a47a
In base 4, what is 3 + -23112113303?
-23112113300
In base 16, what is -25673 + -25?
-25698
In base 13, what is -6 + -88a57a?
-88a583
In base 16, what is -824be - -2db?
-821e3
In base 3, what is 222 - 1001111122201002?
-1001111122200010
In base 9, what is 203 + 188437?
188641
In base 5, what is 2200 - -2203003?
2210203
In base 14, what is 4 - -1166970?
1166974
In base 7, what is 4 + -554356011?
-554356004
In base 6, what is -12423 + 511315?
454452
In base 5, what is 1213441 - -20041?
1234032
In base 2, what is 1011011111 + -110010011100000?
-110001000000001
In base 3, what is 102110 + -22002210100?
-22002100220
In base 14, what is -1630 + 2abc?
148c
In base 10, what is -128 - -447322?
447194
In base 10, what is 4 - 271486088?
-271486084
In base 14, what is -c2 + 7bcb?
7b09
In base 8, what is 3 + 220665635?
220665640
In base 2, what is -1001011001010000000010101 - 11?
-1001011001010000000011000
In base 5, what is 1100 - -144032214?
144033314
In base 6, what is -5220425 - 102?
-5220531
In base 4, what is 21201332 + -23223?
21112103
In base 9, what is 5 - -5134681?
5134686
In base 6, what is 1210032 - -33?
1210105
In base 14, what is 232 - 894ba?
-89288
In base 9, what is -557423322 - 1?
-557423323
In base 2, what is 1001001000110 + 100111101001?
1110000101111
In base 8, what is 1772274 - 0?
1772274
In base 8, what is -276563736 - 7?
-276563745
In base 5, what is -1013130 - 41311?
-1104441
In base 14, what is 3937 + 949?
4482
In base 14, what is -2b9 + 21b9a1?
21b6c6
In base 10, what is -86880115 + 12?
-86880103
In base 3, what is 12200222121001210 - 2?
12200222121001201
In base 11, what is 1a23682 - -2?
1a23684
In base 12, what is 4ba3 - -17a?
5161
In base 11, what is -20405 - 35a?
-20764
In base 5, what is -310244102 - -13?
-310244034
In base 9, what is -1 + 321704805?
321704804
In base 8, what is 5 + 350640466?
350640473
In base 9, what is 2 - 88437644?
-88437642
In base 12, what is 0 + -184165?
-184165
In base 6, what is -55 - -1224005510?
1224005411
In base 9, what is 122 - -535570?
535702
In base 13, what is -2 - 95c5a66?
-95c5a68
In base 4, what is 10102211 - -1010122?
11112333
In base 4, what is -201 + -21110100?
-21110301
In base 11, what is 2 + -7359850?
-7359849
In base 2, what is -1000101101001101101110001 + 100?
-1000101101001101101101101
In base 16, what is -180241 - a2?
-1802e3
In base 15, what is 776 - -17451?
17bc7
In base 8, what is -312424 - 42?
-312466
In base 4, what is -222333032330022 - 11?
-222333032330033
In base 4, what is 32011223 + -1312?
32003311
In base 6, what is 303 + -5134425?
-5134122
In base 10, what is 1530 - -1612?
3142
In base 12, what is -983b7 - 27b?
-98676
In base 2, what is -100 + -10111011111010111111111?
-10111011111011000000011
In base 6, what is -320 + -5452300?
-5453020
In base 16, what is 96 - 16d63e?
-16d5a8
In base 6, what is 3412203 + 214?
3412421
In base 5, what is 1422 - 210111?
-203134
In base 7, what is 45025441 - 1?
45025440
In base 11, what is 17781805a - 1?
177818059
In base 10, what is -33798555 - 24?
-33798579
In base 9, what is -335387435 - 4?
-335387440
In base 11, what is -65344 + -2572?
-67906
In base 10, what is 10066919 - -7?
10066926
In base 10, what is -8225869 + -10?
-8225879
In base 10, what is -29161089 + 1?
-29161088
In base 6, what is -40 - 310422251?
-310422331
In base 3, what is 2002201210101 - 20022?
2002201120002
In base 3, what is 11221000 + -202202000?
-120211000
In base 14, what is 44176 + -a24?
43552
In base 6, what is -12 - -215213250?
215213234
In base 6, what is 5504031012 - 4?
5504031004
In base 3, what is -101222121222122 - 1?
-101222121222200
In base 14, what is -3c04 + 13a0d?
dc09
In base 4, what is 11 + 2033220323223?
2033220323300
In base 12, what is -4 + -5a07482?
-5a07486
In base 14, what is -1d69 + 1008c?
c123
In base 12, what is 136978a + 69?
1369837
In base 3, what is -1002012201222 - 2222?
-1002012211221
In base 3, what is -122122100011211 - 11222?
-122122100100210
In base 7, what is 25342 - 43403?
-15031
In base 10, what is 8 - -77876?
77884
In base 14, what is 43d04d + -14?
43d039
In base 14, what is -19 - -2d5d92?
2d5d77
In base 11, what is 15a8699 + -6?
15a8693
In base 3, what is 202002110221221 - 10?
202002110221211
In base 5, what is -130401 - -421320?
240414
In base 6, what is 33320355212 - 2?
33320355210
In base 13, what is 4 - -1378b710?
1378b714
In base 5, what is 4221012 - 1442?
4214020
In base 7, what is -36663 - 254?
-40250
In base 11, what is 316 + -117749?
-117433
In base 8, what is -176236 - 557?
-177015
In base 14, what is -943c4 - -12?
-943b2
In base 8, what is -10253 + -117744?
-130217
In base 16, what is -7c164a + -d?
-7c1657
In base 9, what is -635 + -1076724?
-1077460
In base 3, what is 1201 + 1010202102220?
1010202111121
In base 9, what is 8803 - -8668?
18572
In base 10, what is 172157117 + -1?
172157116
In base 3, what is 1002111 - -12202102?
20211220
In base 13, what is -654 - 93c11?
-94565
In base 14, what is 74 + 1668131?
16681a5
In base 15, what is 1d1 + -38de?
-370d
In base 2, what is 1111110100011000000010 + -11011100?
1111110100010100100110
In base 9, what is 1 + 2153758?
2153760
In base 12, what is -16352 - -1178?
-15196
In base 2, what is 100100111101 + -101011101110?
-110110001
In base 3, what is -202 + 210102011?
210101102
In base 7, what is -114462 + -413?
-115205
In base 8, what is -3 + 200340440?
200340435
In base 10, what is 1 - -20816286?
20816287
In base 2, what is -1001011110011 - -10110101111000010?
10101100011001111
In base 14, what is -214 + -43b1a?
-43d30
In base 2, what is -111000111001 - 1100010?
-111010011011
In base 14, what is -c6b + 6c?
-bdd
In base 13, what is 2b031b - -54?
2b0372
In base 5, what is -1144131 - 114322?
-1314003
In base 8, what is 60531 - -2204?
62735
In base 2, what is -11001010 - -111100100011110111?
111100100000101101
In base 15, what is 4bb83c - -9?
4bb846
In base 7, what is -10156061 + -1?
-10156062
In base 2, what is 101010110 + 1000001111101010010101?
1000001111101111101011
In base 11, what is -23655 + 864?
-228a1
In base 15, what is -12ad44 + 1?
-12ad43
In base 9, what is 502574 + -3160?
488414
In base 8, what is -1307 - -147625?
146316
In base 13, what is a - -1640a8?
1640b5
In base 2, what is 11011011001111111000110 - -100010?
11011011001111111101000
In base 9, what is 211538160 - 2?
211538